
63
Calculate the remainder when 210838 is divided by 3573.
31
Calculate the remainder when 175958307 is divided by 2035.
2032
Calculate the remainder when 9202705 is divided by 2669.
2662
What is the remainder when 3850674 is divided by 9?
6
Calculate the remainder when 388661 is divided by 462.
119
What is the remainder when 1787123 is divided by 847?
800
What is the remainder when 27283 is divided by 528?
355
What is the remainder when 332042 is divided by 1415?
932
What is the remainder when 5216582 is divided by 71460?
2
What is the remainder when 16285069 is divided by 1357086?
37
What is the remainder when 108680 is divided by 119?
33
What is the remainder when 119630 is divided by 2136?
14
What is the remainder when 527155 is divided by 650?
5
Calculate the remainder when 26147427 is divided by 29.
12
Calculate the remainder when 106232064 is divided by 38.
24
Calculate the remainder when 1044650 is divided by 2369.
2290
Calculate the remainder when 2466767 is divided by 66.
17
What is the remainder when 2968595 is divided by 1111?
3
What is the remainder when 4693 is divided by 1448?
349
Calculate the remainder when 4891918 is divided by 10043.
977
What is the remainder when 2409647 is divided by 16?
15
What is the remainder when 48790713 is divided by 642?
639
What is the remainder when 64383 is divided by 15436?
2639
What is the remainder when 1817276 is divided by 3468?
44
Calculate the remainder when 2868075 is divided by 30190.
25
What is the remainder when 33722266 is divided by 1896?
10
Calculate the remainder when 1782984 is divided by 101.
31
Calculate the remainder when 57031419 is divided by 196660.
19
What is the remainder when 23928011 is divided by 28?
23
Calculate the remainder when 31299088 is divided by 332969.
2
What is the remainder when 510862 is divided by 29484?
9634
Calculate the remainder when 2825900 is divided by 334.
260
What is the remainder when 19581787 is divided by 449?
448
Calculate the remainder when 1636685 is divided by 1299.
1244
What is the remainder when 26279 is divided by 754?
643
What is the remainder when 5064 is divided by 81?
42
What is the remainder when 1323198 is divided by 421?
416
What is the remainder when 14840 is divided by 627?
419
What is the remainder when 9063560 is divided by 872?
864
Calculate the remainder when 12033 is divided by 947.
669
Calculate the remainder when 5715895 is divided by 146.
141
What is the remainder when 2488268 is divided by 22828?
16
Calculate the remainder when 5601678 is divided by 198.
60
Calculate the remainder when 8527363 is divided by 3502.
3495
Calculate the remainder when 12368849 is divided by 464.
1
Calculate the remainder when 536958 is divided by 1028.
342
Calculate the remainder when 6877950 is divided by 2399.
17
Calculate the remainder when 8251403 is divided by 8251396.
7
Calculate the remainder when 4449346 is divided by 115.
111
What is the remainder when 457541 is divided by 217?
105
Calculate the remainder when 51806 is divided by 127.
117
Calculate the remainder when 316460 is divided by 19777.
28
What is the remainder when 284560 is divided by 130?
120
What is the remainder when 27319325 is divided by 6?
5
Calculate the remainder when 189614 is divided by 17234.
40
Calculate the remainder when 49843618 is divided by 108.
106
What is the remainder when 3925479 is divided by 5894?
75
Calculate the remainder when 18472853 is divided by 457.
456
Calculate the remainder when 7635040 is divided by 626.
344
Calculate the remainder when 1033024 is divided by 1032774.
250
Calculate the remainder when 108551 is divided by 53844.
863
Calculate the remainder when 120857076 is divided by 2208.
2196
What is the remainder when 530824 is divided by 4615?
99
Calculate the remainder when 265475 is divided by 265425.
50
What is the remainder when 50266373 is divided by 48?
5
Calculate the remainder when 1493647 is divided by 1493625.
22
Calculate the remainder when 44991 is divided by 14584.
1239
What is the remainder when 144114 is divided by 135?
69
What is the remainder when 1723421 is divided by 2397?
2375
Calculate the remainder when 104901 is divided by 905.
826
Calculate the remainder when 569790 is divided by 23741.
6
Calculate the remainder when 510106 is divided by 4114.
4084
Calculate the remainder when 15626464 is divided by 4975.
4964
Calculate the remainder when 647486 is divided by 323743.
0
Calculate the remainder when 27980000 is divided by 13989967.
66
What is the remainder when 15588950 is divided by 2518?
12
What is the remainder when 1172310 is divided by 166691?
5473
Calculate the remainder when 1556714 is divided by 256.
234
Calculate the remainder when 1210548 is divided by 71208.
12
Calculate the remainder when 74068 is divided by 718.
114
Calculate the remainder when 32161 is divided by 15209.
1743
What is the remainder when 103126 is divided by 25617?
658
What is the remainder when 1132636 is divided by 779?
749
What is the remainder when 607915 is divided by 31989?
124
What is the remainder when 1504120 is divided by 752059?
2
Calculate the remainder when 158497 is divided by 211.
36
Calculate the remainder when 188808 is divided by 1256.
408
What is the remainder when 110633022 is divided by 87?
81
What is the remainder when 3203 is divided by 307?
133
What is the remainder when 3017847 is divided by 1829?
1826
What is the remainder when 378808 is divided by 516?
64
What is the remainder when 13514 is divided by 12865?
649
What is the remainder when 1104833 is divided by 367919?
1076
What is the remainder when 49105662 is divided by 172?
6
What is the remainder when 43136 is divided by 198?
170
What is the remainder when 756337 is divided by 517?
483
Calculate the remainder when 11447979 is divided by 203.
200
Calculate the remainder when 34429059 is divided by 583.
577
What is the remainder when 758327248 is divided by 150?
148
Calculate the remainder when 21847934 is divided by 16.
14
What is the remainder when 121402 is divided by 5278?
8
What is the remainder when 213853 is divided by 5346?
13
Calculate the remainder when 1768892 is divided by 1329.
1322
What is the remainder when 6439605 is divided by 919937?
46
Calculate the remainder when 2257769 is divided by 1128879.
11
What is the remainder when 12115375 is divided by 10276?
10247
Calculate the remainder when 15734783 is divided by 542578.
21
What is the remainder when 1475589 is divided by 147492?
669
Calculate the remainder when 24141 is divided by 1029.
474
What is the remainder when 35136990 is divided by 124?
102
Calculate the remainder when 702499 is divided by 75.
49
Calculate the remainder when 184952 is divided by 183.
122
What is the remainder when 523798 is divided by 40270?
288
Calculate the remainder when 15331517 is divided by 2190215.
12
Calculate the remainder when 2136942 is divided by 190.
12
What is the remainder when 1353248 is divided by 7562?
7212
What is the remainder when 476228 is divided by 2477?
644
Calculate the remainder when 388274 is divided by 35263.
381
What is the remainder when 22034 is divided by 5358?
602
Calculate the remainder when 3405588 is divided by 396.
384
What is the remainder when 8011958 is divided by 8028?
14
What is the remainder when 464288 is divided by 206?
170
What is the remainder when 6637 is divided by 5812?
825
Calculate the remainder when 267587 is divided by 240.
227
What is the remainder when 48583 is divided by 2093?
444
What is the remainder when 69952 is divided by 3886?
4
Calculate the remainder when 702707 is divided by 30.
17
Calculate the remainder when 483416 is divided by 10983.
164
Calculate the remainder when 14325775 is divided by 3581443.
3
What is the remainder when 160600243 is divided by 195?
193
What is the remainder when 35130730 is divided by 28?
26
What is the remainder when 34192679 is divided by 11397556?
11
What is the remainder when 570578 is divided by 62?
54
Calculate the remainder when 1684082 is divided by 32.
18
What is the remainder when 24323813 is divided by 44?
41
What is the remainder when 98040 is divided by 2798?
110
What is the remainder when 1595351 is divided by 1595262?
89
Calculate the remainder when 52697963 is divided by 4790722.
21
Calculate the remaind